q) = -7*b(q) - 5*l(q). Calculate y(2).
6
Let x = 454 + -460. Let j(r) = -r**2 - 3*r - 9. Let f(q) = q**2 + 4*q + 8. Let s(b) = x*f(b) - 5*j(b). Determine s(-9).
-3
Let p be (-4)/10 + 37/5. Let k(r) = -5*r**2 + r**3 - 2*r + 3*r**2 + p*r**2 - 1. Let q be 4/6*11250/(-2500). What is k(q)?
23
Let x(k) = k - 6. Let w be x(7). Let j(o) = -10*o**2 + 3*o + 5. Let m(s) be the first derivative of s**3/3 - s - 225. Let q(z) = w*j(z) + 6*m(z). Give q(2).
-11
Let k(t) = -607*t + 616*t - 19 - 18. Determine k(6).
17
Let v(r) be the third derivative of 13/24*r**4 + 0 + 0*r**3 - 6*r**2 - 1/30*r**5 + 1/720*r**6 + 0*r. Let s(z) be the second derivative of v(z). Calculate s(-5).
-9
Let h(z) be the second derivative of -1/6*z**3 - 1/20*z**5 - 144 + 1/2*z**2 + 0*z**4 - z. Give h(2).
-9
Let c(j) = -49*j - 3. Let g(t) = -74*t - 4. Suppose 0 = -5*x + 21 + 4. Let w(r) = x*g(r) - 7*c(r). What is w(1)?
-26
Let l be -35*(-4 + (-86)/(-20) + 2/(-4)). Let t(w) = -2*w**2 + w - 4. Calculate t(l).
-95
Let q(d) = -709*d + 18. Let g(o) = 142*o - 3. Let v(r) = 5*g(r) + q(r). Let b = 17 + -27. Calculate v(b).
-7
Let o(u) = -12*u**2 + 3*u + 6. Suppose 119*h + 93 = 44 + 525. Determine o(h).
-174
Let n(v) be the second derivative of v**4/12 - v**3/6 - v**2/2 - v. Let c be 2/((-44)/6) - 35554/(-6743). Determine n(c).
19
Let p(n) = n**3 + 14*n**2 + n - 27. Let c(r) = -10*r**2 + 150*r - 14. Let h be c(15). Calculate p(h).
-41
Let r(z) be the second derivative of -z**3/6 + z**2 + 137*z. Suppose f = -2*o + 6*f - 41, 25 = 5*f. Give r(o).
10
Let r(f) = -4*f**2 - 2*f**2 - 11 + 0*f**3 + 20 - 5*f + f**3 + 8*f. Determine r(4).
-11
Let o(l) = 10*l**2 - 19*l + 13. Let a(v) = -7*v**2 + 13*v - 9. Let t(u) = -11*a(u) - 7*o(u). Calculate t(1).
5
Let v = 538 + -524. Suppose 36 = -2*k + v. Let d(w) = w**2 + 11*w + 12. Calculate d(k).
12
Let r(b) be the third derivative of b**4/24 - 2*b**3/3 + 7*b**2. Let k = 176 + -106. Let g = 74 - k. Give r(g).
0
Let u(t) be the third derivative of t**5/60 - 7*t**4/24 - 8*t**2 + 21*t. Suppose 5*d + 30 = 5*q, q - 1 = 2*d + 7. Calculate u(q).
-12
Let w(q) = -2*q**2 - 6*q + 13. Let o(p) = -219*p - 881. Let t be o(-4). What is w(t)?
-7
Suppose -158*d + 1176 + 516 = -64*d. Let k(j) = -j**3 + 18*j**2 + 4*j - 5. Determine k(d).
67
Let w be 0 + 1 + 18/3. Let b(p) be the first derivative of p**3/3 - 7*p**2/2 - 3*p - 6527. What is b(w)?
-3
Let v(k) = 1285*k - 5137. Let w be v(4). Let n(z) = -z**3 + 3*z**2 + 7*z - 9. Determine n(w).
12
Let i(s) = -7*s**2 - 13*s. Let x(k) be the first derivative of -17*k**3/3 - 13*k**2 + k - 26. Let l(g) = -5*i(g) + 2*x(g). Determine l(-10).
-28
Let n(b) = -b**3 + 9*b**2 + 21*b + 36. Suppose 2*f = 282*h - 287*h + 12, 4*f - 52 = 4*h. Calculate n(f).
25
Let l(a) = 39685*a + 39687*a - 79390*a - 2 + 95. What is l(6)?
-15
Suppose -r - b + 16 = -2, -r - 3*b + 28 = 0. Suppose -r + 25 = 3*i. Let k(c) be the second derivative of c**3/3 + 2*c**2 - 21*c. Determine k(i).
12
Suppose -5*w = n - 0*n + 24, -3*w = -5*n + 20. Let l(j) = 5*j - 5. Suppose 15 = 14*h - 11*h. Let p(r) = 4*r - 5. Let b(a) = h*l(a) - 6*p(a). What is b(w)?
0
Let p(h) be the second derivative of -1/120*h**6 + 7/6*h**3 - h**2 + 1/12*h**5 + 0 - 1/8*h**4 - 2*h. Let z(x) be the first derivative of p(x). Determine z(5).
-8
Let j(d) be the second derivative of d**6/120 - d**4/24 - 19*d**3/6 + 109*d**2 - 145*d. Let r(p) be the first derivative of j(p). What is r(0)?
-19
Suppose -113 = 4*q + 16*u - 45, 3*q = -3*u - 15. Let h(m) = 11*m - 9. Determine h(q).
-20
Let j(h) be the first derivative of h**5/120 + 13*h**4/24 + 32*h**3/3 + h**2/2 + 31. Let a(w) be the third derivative of j(w). Determine a(0).
13
Let i(t) be the third derivative of 29*t**4/24 + t**2. Let j = 313834 - 313833. Calculate i(j).
29
Let o(l) = l - 14. Let t = -499 + 501. Suppose t = 3*z - 1, 0 = -2*c + 2*z + 12. Determine o(c).
-7
Let m(o) = -o**3 + 2*o**2 + 4*o + 5. Let r be (207/(-184))/((-3)/(-4))*2. Calculate m(r).
38
Suppose -3*x - x - 8 = 0. Let t be 7/((-77)/(-38) + -1 - 1). Let p(j) = 3*j**2 - t*j + 264*j - 8*j**2. Give p(x).
-16
Let y(q) = -q**2 - q + 3. Let c(l) = l**2 - 4*l + 2. Let o be c(4). Let z be (-8)/12*o*-3. Suppose -z*p = 75 - 55. Give y(p).
-17
Let a(i) = 6*i + 10. Suppose 0*j = -j + 5*p - 28, -2*j - 3*p + 9 = 0. Let w be a(j). Let c(q) = -q**3 - 9*q**2 - 8*q - 10. What is c(w)?
-10
Let t(u) = 4*u + 0*u + 530 - 486 - 5*u. Calculate t(40).
4
Let o(b) = 2*b**2 + 7*b + 7. Let r(j) = -10 + 9 - j**2 + 0 + 0*j**2. Let g(u) = -o(u) - 3*r(u). Let m = -54 + 62. Determine g(m).
4
Let y(z) = 6*z**2 + 7*z - 5. Let r(k) = 7*k**2 + 9*k - 7. Let f(i) = 5*r(i) - 6*y(i). Suppose 0 = 54*b - 55*b + 5. Determine f(b).
-15
Suppose 12*a - 110 = -51 - 119. Let j(l) = l**2 + 6*l + 2. Give j(a).
-3
Let z(j) be the second derivative of -1/3*j**3 + 0 + 1/20*j**5 - 1/4*j**4 - 5/2*j**2 + 30*j. What is z(4)?
3
Let a(i) be the second derivative of -i**3/6 + 5*i**2/2 - 2*i + 33. Suppose -4*s - 790 + 802 = 0. Give a(s).
2
Let s(j) = j - 1. Let k(n) = n**2 + 5*n - 16. Let c be k(-8). Suppose c = -g + 13. Let l(z) = -6*z + 4. Let m(w) = g*s(w) + l(w). Determine m(-2).
1
Let l(t) = 2*t - 3*t**2 + 72 + 32*t**2 - 37*t**2 + 3*t**2 + 2*t**2. Give l(-5).
-13
Let k(o) = 5*o. Let h be k(1). Let q(f) = 8*f - 480 - 485 - f**2 + 1440 - 482. What is q(h)?
8
Let w = -9748 - -9738. Let b(d) = -2*d**3 - 20*d**2 + 3*d + 34. Determine b(w).
4
Let u = 11 + -9. Let w(c) = 0*c**2 - 3 + 7*c**u + 7 - 6*c**2 - 3*c. Let i(v) = v - 14. Let n be i(11). Calculate w(n).
22
Suppose 0 = -28*g - 0 - 28. Let z(q) = 22*q**2. Calculate z(g).
22
Let l(r) be the third derivative of -1/3*r**3 - 5*r - 1/6*r**4 + 0 - 7*r**2 - 1/60*r**5. Determine l(-3).
1
Let k(m) be the third derivative of m**6/120 + 3*m**5/20 - m**4/24 - 13*m**3/6 + 1681*m**2. What is k(-8)?
59
Let f(b) be the first derivative of 9*b - 41 - 7/2*b**2 + 1/3*b**3. Give f(4).
-3
Let o(f) be the second derivative of f**4/12 + 4*f**3/3 + 2*f**2 - 2058*f. Calculate o(-3).
-11
Let u(d) be the second derivative of d**5/20 + 3*d**4/2 - 3*d**3/2 + 9*d**2/2 + 5*d - 2. Let f(n) = -n**2 + 2*n + 1. Let x(s) = 5*f(s) + u(s). What is x(-13)?
1
Let k(p) = -1703*p + 855*p + 839*p - 31. Determine k(-4).
5
Let j = 25 - 7. Let g be (-16)/(-6) + 4*(-3)/j. Let h(x) = -4*x + x + g*x + 2*x + 1. Calculate h(-6).
-5
Let v = -134 - -137. Let y(a) = -3*a**3 + 2*a**2 + 2*a - 1. Give y(v).
-58
Let v(m) = -2*m**2 + m**2 + 11 + 4*m + 0*m**2 - 10*m. Let l(r) = -r**2 - 13*r - 37. Let p be l(-9). Let z be (-8)/28 + 122*p/14. Calculate v(z).
-16
Let j(t) = 37*t - t**3 + 7 - 37*t + 4*t**2 + 2*t**2. Let h = 51 - 49. Suppose -a + h*d = 4*d, -d = -4*a + 27. Determine j(a).
7
Let t be (3/4)/(6030/1072). Let p(s) be the third derivative of 5/24*s**4 + 1/120*s**6 - t*s**5 + 5/3*s**3 + 0*s + 15*s**2 + 0. Determine p(7).
-4
Let r(c) be the second derivative of -c**3/6 - 7*c**2/2 - 1229*c. What is r(7)?
-14
Let w(r) = 22*r**2 + 92*r + 9. Let t be w(-4). Let p(o) = -o**3 - 6*o**2 + 11*o + 16. What is p(t)?
-12
Let o(a) = a**2 + 13*a + 48. Let g = 711 - 717. Give o(g).
6
Let f be (-4)/14 + 612/84. Suppose -8 - 27 = f*r. Let k(c) = -2*c - 4. What is k(r)?
6
Let z(d) be the first derivative of -d**4/4 + 2*d**3 - 3*d**2 - 4*d - 1265. What is z(3)?
5
Let j(q) = q + 1. Let w be 2*(-3)/12*(-390)/(-39). What is j(w)?
-4
Suppose 3*y + k = -3*k - 38, -k = -2*y - 7. Let v(c) be the second derivative of 2*c + 9/2*c**2 + 1/3*c**3 + 0. What is v(y)?
-3
Let a(w) = 7*w - 30. Suppose 2 = 2*h - 2*r, -8*h - 5*r + 23 = -6*h. Let n be a(h). Let m(q) = 2*q + 3. Give m(n).
-1
Let q(b) be the second derivative of -3*b**2 + 2*b + b**3 + 1/12*b**4 + 0. Let d be (3/6)/((-2)/((-16)/24*-30)). Calculate q(d).
-11
Let l(j) be the first derivative of 1/4*j**4 - 11/2*j**2 - 31 + 3*j**3 - 11*j. Give l(-10).
-1
Let p(h) = 5*h**2 - 290*h + 13. Let a be p(58). Let l(w) = -w**2 + 15*w - 30. Calculate l(a).
-4
Let y(a) = -a**2 - 7*a + 19. Let r = -145 - -147. Suppose -r*z - 19 = m, -3*z - 69 = 4*m - 18. Determine y(m).
1
Let u(c) = -c**3 + 6*c**2 + 6*c + 4. Let r = 234 + -232. Suppose r*k = 25 - 13. Determine u(k).
40
Let p(y) = -7*y**2 + 3*y - 1. Let d(q) = 4*q**2 - 2*q - 1. Let a(b) = -2*d(b) - p(b). Determine a(0).
3
Suppose 39*h = -42*h. Let c(v) = -2*v + 3*v**2 + 6 - 4*v**2 + 2*v**2. Determi